{"id":2750,"date":"2025-11-09T20:57:42","date_gmt":"2025-11-09T18:57:42","guid":{"rendered":"https:\/\/www.turronesanasirvent.com\/?post_type=product&#038;p=2750"},"modified":"2025-12-12T12:27:22","modified_gmt":"2025-12-12T10:27:22","slug":"nueces-con-chocolate-con-leche","status":"publish","type":"product","link":"https:\/\/www.turronesanasirvent.com\/index.php\/producto\/nueces-con-chocolate-con-leche\/","title":{"rendered":"Nueces con Chocolate con Leche"},"content":{"rendered":"<p data-start=\"290\" data-end=\"594\">Descubre la armon\u00eda perfecta entre suavidad y car\u00e1cter con las <strong data-start=\"353\" data-end=\"399\">Nueces con Chocolate con Leche Ana Sirvent<\/strong>.<br data-start=\"400\" data-end=\"403\" \/>El sabor intenso y cremoso del <strong data-start=\"434\" data-end=\"457\">chocolate con leche<\/strong> envuelve cuidadosamente cada nuez, creando un bocado irresistible en el que se funden dulzura, textura y un toque natural de fruto seco.<\/p>\n<p data-start=\"596\" data-end=\"1067\">Elaboradas con <strong data-start=\"611\" data-end=\"661\">nueces seleccionadas por su calidad y frescura<\/strong>, estas delicias ofrecen una experiencia equilibrada: el crujir de la nuez tostada y el sabor aterciopelado del chocolate se complementan a la perfecci\u00f3n.<br data-start=\"815\" data-end=\"818\" \/>Ideales para acompa\u00f1ar el caf\u00e9, disfrutar como tentempi\u00e9 o regalar en cualquier ocasi\u00f3n especial.<br data-start=\"915\" data-end=\"918\" \/>Presentadas en una <strong data-start=\"937\" data-end=\"976\">elegante caja transparente de 200 g<\/strong>, que preserva toda su frescura y las convierte en un detalle gourmet listo para disfrutar.<\/p>\n<p data-start=\"1069\" data-end=\"1460\"><strong data-start=\"1069\" data-end=\"1086\">Ingredientes:<\/strong> Cobertura de chocolate con leche (50%) (az\u00facar, manteca de cacao, leche en polvo, pasta de cacao, lactosuero (leche), emulgentes: lecitina de girasol, E-476 y aroma), nueces (40%), az\u00facar, jarabe de glucosa y agentes de recubrimiento (E-414 y E-904).<br data-start=\"1337\" data-end=\"1340\" \/><strong data-start=\"1340\" data-end=\"1357\">Cacao m\u00ednimo:<\/strong> 28,5%.<br data-start=\"1364\" data-end=\"1367\" \/><strong data-start=\"1367\" data-end=\"1381\">Al\u00e9rgenos:<\/strong> Puede contener trazas de sulfitos, soja, cacahuetes y otros frutos de c\u00e1scara.<\/p>\n","protected":false},"excerpt":{"rendered":"<p>Crujientes nueces ba\u00f1adas en suave chocolate con leche. Un placer dulce y natural, perfecto para regalar o disfrutar en cualquier momento.<\/p>\n","protected":false},"featured_media":2751,"comment_status":"open","ping_status":"closed","template":"","meta":{"_joinchat":[]},"product_brand":[],"product_cat":[27],"product_tag":[],"class_list":{"0":"post-2750","1":"product","2":"type-product","3":"status-publish","4":"has-post-thumbnail","6":"product_cat-grageas","8":"first","9":"outofstock","10":"taxable","11":"shipping-taxable","12":"purchasable","13":"product-type-simple"},"yoast_head":"<!-- This site is optimized with the Yoast SEO plugin v27.4 - https:\/\/yoast.com\/product\/yoast-seo-wordpress\/ -->\n<title>Nueces con Chocolate con Leche - Turrones Ana Sirvent<\/title>\n<meta name=\"robots\" content=\"index, follow, max-snippet:-1, max-image-preview:large, max-video-preview:-1\" \/>\n<link rel=\"canonical\" href=\"https:\/\/www.turronesanasirvent.com\/index.php\/producto\/nueces-con-chocolate-con-leche\/\" \/>\n<meta property=\"og:locale\" content=\"es_ES\" \/>\n<meta property=\"og:type\" content=\"article\" \/>\n<meta property=\"og:title\" content=\"Nueces con Chocolate con Leche - Turrones Ana Sirvent\" \/>\n<meta property=\"og:description\" content=\"Crujientes nueces ba\u00f1adas en suave chocolate con leche. Un placer dulce y natural, perfecto para regalar o disfrutar en cualquier momento.\" \/>\n<meta property=\"og:url\" content=\"https:\/\/www.turronesanasirvent.com\/index.php\/producto\/nueces-con-chocolate-con-leche\/\" \/>\n<meta property=\"og:site_name\" content=\"Turrones Ana Sirvent\" \/>\n<meta property=\"article:modified_time\" content=\"2025-12-12T10:27:22+00:00\" \/>\n<meta property=\"og:image\" content=\"https:\/\/www.turronesanasirvent.com\/wp-content\/uploads\/2025\/11\/Nueces-con-chocolate.png\" \/>\n\t<meta property=\"og:image:width\" content=\"1024\" \/>\n\t<meta property=\"og:image:height\" content=\"816\" \/>\n\t<meta property=\"og:image:type\" content=\"image\/png\" \/>\n<meta name=\"twitter:card\" content=\"summary_large_image\" \/>\n<meta name=\"twitter:label1\" content=\"Tiempo de lectura\" \/>\n\t<meta name=\"twitter:data1\" content=\"1 minuto\" \/>\n<script type=\"application\/ld+json\" class=\"yoast-schema-graph\">{\"@context\":\"https:\\\/\\\/schema.org\",\"@graph\":[{\"@type\":\"WebPage\",\"@id\":\"https:\\\/\\\/www.turronesanasirvent.com\\\/index.php\\\/producto\\\/nueces-con-chocolate-con-leche\\\/\",\"url\":\"https:\\\/\\\/www.turronesanasirvent.com\\\/index.php\\\/producto\\\/nueces-con-chocolate-con-leche\\\/\",\"name\":\"Nueces con Chocolate con Leche - Turrones Ana Sirvent\",\"isPartOf\":{\"@id\":\"https:\\\/\\\/www.turronesanasirvent.com\\\/#website\"},\"primaryImageOfPage\":{\"@id\":\"https:\\\/\\\/www.turronesanasirvent.com\\\/index.php\\\/producto\\\/nueces-con-chocolate-con-leche\\\/#primaryimage\"},\"image\":{\"@id\":\"https:\\\/\\\/www.turronesanasirvent.com\\\/index.php\\\/producto\\\/nueces-con-chocolate-con-leche\\\/#primaryimage\"},\"thumbnailUrl\":\"https:\\\/\\\/www.turronesanasirvent.com\\\/wp-content\\\/uploads\\\/2025\\\/11\\\/Nueces-con-chocolate.png\",\"datePublished\":\"2025-11-09T18:57:42+00:00\",\"dateModified\":\"2025-12-12T10:27:22+00:00\",\"breadcrumb\":{\"@id\":\"https:\\\/\\\/www.turronesanasirvent.com\\\/index.php\\\/producto\\\/nueces-con-chocolate-con-leche\\\/#breadcrumb\"},\"inLanguage\":\"es\",\"potentialAction\":[{\"@type\":\"ReadAction\",\"target\":[\"https:\\\/\\\/www.turronesanasirvent.com\\\/index.php\\\/producto\\\/nueces-con-chocolate-con-leche\\\/\"]}]},{\"@type\":\"ImageObject\",\"inLanguage\":\"es\",\"@id\":\"https:\\\/\\\/www.turronesanasirvent.com\\\/index.php\\\/producto\\\/nueces-con-chocolate-con-leche\\\/#primaryimage\",\"url\":\"https:\\\/\\\/www.turronesanasirvent.com\\\/wp-content\\\/uploads\\\/2025\\\/11\\\/Nueces-con-chocolate.png\",\"contentUrl\":\"https:\\\/\\\/www.turronesanasirvent.com\\\/wp-content\\\/uploads\\\/2025\\\/11\\\/Nueces-con-chocolate.png\",\"width\":1024,\"height\":816},{\"@type\":\"BreadcrumbList\",\"@id\":\"https:\\\/\\\/www.turronesanasirvent.com\\\/index.php\\\/producto\\\/nueces-con-chocolate-con-leche\\\/#breadcrumb\",\"itemListElement\":[{\"@type\":\"ListItem\",\"position\":1,\"name\":\"Portada\",\"item\":\"https:\\\/\\\/www.turronesanasirvent.com\\\/\"},{\"@type\":\"ListItem\",\"position\":2,\"name\":\"Tienda\",\"item\":\"https:\\\/\\\/www.turronesanasirvent.com\\\/index.php\\\/tienda\\\/\"},{\"@type\":\"ListItem\",\"position\":3,\"name\":\"Nueces con Chocolate con Leche\"}]},{\"@type\":\"WebSite\",\"@id\":\"https:\\\/\\\/www.turronesanasirvent.com\\\/#website\",\"url\":\"https:\\\/\\\/www.turronesanasirvent.com\\\/\",\"name\":\"Turrones Ana Sirvent\",\"description\":\"Tienda de turrones y dulces online\",\"publisher\":{\"@id\":\"https:\\\/\\\/www.turronesanasirvent.com\\\/#organization\"},\"potentialAction\":[{\"@type\":\"SearchAction\",\"target\":{\"@type\":\"EntryPoint\",\"urlTemplate\":\"https:\\\/\\\/www.turronesanasirvent.com\\\/?s={search_term_string}\"},\"query-input\":{\"@type\":\"PropertyValueSpecification\",\"valueRequired\":true,\"valueName\":\"search_term_string\"}}],\"inLanguage\":\"es\"},{\"@type\":\"Organization\",\"@id\":\"https:\\\/\\\/www.turronesanasirvent.com\\\/#organization\",\"name\":\"Turrones Ana Sirvent\",\"url\":\"https:\\\/\\\/www.turronesanasirvent.com\\\/\",\"logo\":{\"@type\":\"ImageObject\",\"inLanguage\":\"es\",\"@id\":\"https:\\\/\\\/www.turronesanasirvent.com\\\/#\\\/schema\\\/logo\\\/image\\\/\",\"url\":\"https:\\\/\\\/www.turronesanasirvent.com\\\/wp-content\\\/uploads\\\/2021\\\/04\\\/ETIQUETAS-ANA-SIRVENT-cuadrado-01.png\",\"contentUrl\":\"https:\\\/\\\/www.turronesanasirvent.com\\\/wp-content\\\/uploads\\\/2021\\\/04\\\/ETIQUETAS-ANA-SIRVENT-cuadrado-01.png\",\"width\":513,\"height\":513,\"caption\":\"Turrones Ana Sirvent\"},\"image\":{\"@id\":\"https:\\\/\\\/www.turronesanasirvent.com\\\/#\\\/schema\\\/logo\\\/image\\\/\"}}]}<\/script>\n<!-- \/ Yoast SEO plugin. -->","yoast_head_json":{"title":"Nueces con Chocolate con Leche - Turrones Ana Sirvent","robots":{"index":"index","follow":"follow","max-snippet":"max-snippet:-1","max-image-preview":"max-image-preview:large","max-video-preview":"max-video-preview:-1"},"canonical":"https:\/\/www.turronesanasirvent.com\/index.php\/producto\/nueces-con-chocolate-con-leche\/","og_locale":"es_ES","og_type":"article","og_title":"Nueces con Chocolate con Leche - Turrones Ana Sirvent","og_description":"Crujientes nueces ba\u00f1adas en suave chocolate con leche. Un placer dulce y natural, perfecto para regalar o disfrutar en cualquier momento.","og_url":"https:\/\/www.turronesanasirvent.com\/index.php\/producto\/nueces-con-chocolate-con-leche\/","og_site_name":"Turrones Ana Sirvent","article_modified_time":"2025-12-12T10:27:22+00:00","og_image":[{"width":1024,"height":816,"url":"https:\/\/www.turronesanasirvent.com\/wp-content\/uploads\/2025\/11\/Nueces-con-chocolate.png","type":"image\/png"}],"twitter_card":"summary_large_image","twitter_misc":{"Tiempo de lectura":"1 minuto"},"schema":{"@context":"https:\/\/schema.org","@graph":[{"@type":"WebPage","@id":"https:\/\/www.turronesanasirvent.com\/index.php\/producto\/nueces-con-chocolate-con-leche\/","url":"https:\/\/www.turronesanasirvent.com\/index.php\/producto\/nueces-con-chocolate-con-leche\/","name":"Nueces con Chocolate con Leche - Turrones Ana Sirvent","isPartOf":{"@id":"https:\/\/www.turronesanasirvent.com\/#website"},"primaryImageOfPage":{"@id":"https:\/\/www.turronesanasirvent.com\/index.php\/producto\/nueces-con-chocolate-con-leche\/#primaryimage"},"image":{"@id":"https:\/\/www.turronesanasirvent.com\/index.php\/producto\/nueces-con-chocolate-con-leche\/#primaryimage"},"thumbnailUrl":"https:\/\/www.turronesanasirvent.com\/wp-content\/uploads\/2025\/11\/Nueces-con-chocolate.png","datePublished":"2025-11-09T18:57:42+00:00","dateModified":"2025-12-12T10:27:22+00:00","breadcrumb":{"@id":"https:\/\/www.turronesanasirvent.com\/index.php\/producto\/nueces-con-chocolate-con-leche\/#breadcrumb"},"inLanguage":"es","potentialAction":[{"@type":"ReadAction","target":["https:\/\/www.turronesanasirvent.com\/index.php\/producto\/nueces-con-chocolate-con-leche\/"]}]},{"@type":"ImageObject","inLanguage":"es","@id":"https:\/\/www.turronesanasirvent.com\/index.php\/producto\/nueces-con-chocolate-con-leche\/#primaryimage","url":"https:\/\/www.turronesanasirvent.com\/wp-content\/uploads\/2025\/11\/Nueces-con-chocolate.png","contentUrl":"https:\/\/www.turronesanasirvent.com\/wp-content\/uploads\/2025\/11\/Nueces-con-chocolate.png","width":1024,"height":816},{"@type":"BreadcrumbList","@id":"https:\/\/www.turronesanasirvent.com\/index.php\/producto\/nueces-con-chocolate-con-leche\/#breadcrumb","itemListElement":[{"@type":"ListItem","position":1,"name":"Portada","item":"https:\/\/www.turronesanasirvent.com\/"},{"@type":"ListItem","position":2,"name":"Tienda","item":"https:\/\/www.turronesanasirvent.com\/index.php\/tienda\/"},{"@type":"ListItem","position":3,"name":"Nueces con Chocolate con Leche"}]},{"@type":"WebSite","@id":"https:\/\/www.turronesanasirvent.com\/#website","url":"https:\/\/www.turronesanasirvent.com\/","name":"Turrones Ana Sirvent","description":"Tienda de turrones y dulces online","publisher":{"@id":"https:\/\/www.turronesanasirvent.com\/#organization"},"potentialAction":[{"@type":"SearchAction","target":{"@type":"EntryPoint","urlTemplate":"https:\/\/www.turronesanasirvent.com\/?s={search_term_string}"},"query-input":{"@type":"PropertyValueSpecification","valueRequired":true,"valueName":"search_term_string"}}],"inLanguage":"es"},{"@type":"Organization","@id":"https:\/\/www.turronesanasirvent.com\/#organization","name":"Turrones Ana Sirvent","url":"https:\/\/www.turronesanasirvent.com\/","logo":{"@type":"ImageObject","inLanguage":"es","@id":"https:\/\/www.turronesanasirvent.com\/#\/schema\/logo\/image\/","url":"https:\/\/www.turronesanasirvent.com\/wp-content\/uploads\/2021\/04\/ETIQUETAS-ANA-SIRVENT-cuadrado-01.png","contentUrl":"https:\/\/www.turronesanasirvent.com\/wp-content\/uploads\/2021\/04\/ETIQUETAS-ANA-SIRVENT-cuadrado-01.png","width":513,"height":513,"caption":"Turrones Ana Sirvent"},"image":{"@id":"https:\/\/www.turronesanasirvent.com\/#\/schema\/logo\/image\/"}}]}},"_links":{"self":[{"href":"https:\/\/www.turronesanasirvent.com\/index.php\/wp-json\/wp\/v2\/product\/2750","targetHints":{"allow":["GET"]}}],"collection":[{"href":"https:\/\/www.turronesanasirvent.com\/index.php\/wp-json\/wp\/v2\/product"}],"about":[{"href":"https:\/\/www.turronesanasirvent.com\/index.php\/wp-json\/wp\/v2\/types\/product"}],"replies":[{"embeddable":true,"href":"https:\/\/www.turronesanasirvent.com\/index.php\/wp-json\/wp\/v2\/comments?post=2750"}],"wp:featuredmedia":[{"embeddable":true,"href":"https:\/\/www.turronesanasirvent.com\/index.php\/wp-json\/wp\/v2\/media\/2751"}],"wp:attachment":[{"href":"https:\/\/www.turronesanasirvent.com\/index.php\/wp-json\/wp\/v2\/media?parent=2750"}],"wp:term":[{"taxonomy":"product_brand","embeddable":true,"href":"https:\/\/www.turronesanasirvent.com\/index.php\/wp-json\/wp\/v2\/product_brand?post=2750"},{"taxonomy":"product_cat","embeddable":true,"href":"https:\/\/www.turronesanasirvent.com\/index.php\/wp-json\/wp\/v2\/product_cat?post=2750"},{"taxonomy":"product_tag","embeddable":true,"href":"https:\/\/www.turronesanasirvent.com\/index.php\/wp-json\/wp\/v2\/product_tag?post=2750"}],"curies":[{"name":"wp","href":"https:\/\/api.w.org\/{rel}","templated":true}]}}